{"id":58,"date":"2018-04-24T08:46:53","date_gmt":"2018-04-24T08:46:53","guid":{"rendered":"http:\/\/demo.acmethemes.com\/construction-field-pro\/?page_id=58"},"modified":"2019-06-23T16:21:54","modified_gmt":"2019-06-23T14:21:54","slug":"oferta","status":"publish","type":"page","link":"https:\/\/aulanosa.es\/index.php\/oferta\/","title":{"rendered":"Oferta formativa"},"content":{"rendered":"<p>Actualmente contamos con las siguientes titulaciones oficiales y homologadas por la Xunta de Galicia:<\/p>\n<ul>\n<li><a href=\"http:\/\/aulanosa.es\/index.php\/esa\">Educaci\u00f3n Secundaria para Adultos, E.S.A.<\/a><\/li>\n<li><a href=\"http:\/\/aulanosa.es\/index.php\/fpb\">Formaci\u00f3n Profesional B\u00e1sica de Inform\u00e1tica de Oficina<\/a><\/li>\n<li><a href=\"http:\/\/aulanosa.es\/index.php\/smr\">FP Medio de Sistemas Microinform\u00e1tico y Redes<\/a><\/li>\n<li><a href=\"http:\/\/aulanosa.es\/index.php\/dam\">FP Superior en Desarrollo de Aplicaciones Multiplataforma<\/a><\/li>\n<li><a href=\"http:\/\/aulanosa.es\/index.php\/daw\">FP Superior en Desarrollo de Aplicaciones Web<\/a><\/li>\n<\/ul>\n<p>Adem\u00e1s de otras muchas actividades form\u00e1tivas y educativas, como por ejemplo:<\/p>\n<ul>\n<li>Clases de Apoyo extraescolar para Primaria, ESO y Bachillerato.<\/li>\n<li>T\u00e9cnicas de Estudio<\/li>\n<li>AFD (Acciones Formativas para Desempleados)<\/li>\n<li>Etc.<\/li>\n<\/ul>\n<p>Inf\u00f3rmate en nuestro centro, o <a href=\"http:\/\/aulanosa.es\/index.php\/contacto\">cont\u00e1ctanos<\/a> para saber m\u00e1s. Resolveremos todas tus dudas y te aconsejaremos encantados en todo lo necesario.<\/p>\n\n\n<p><\/p>\n","protected":false},"excerpt":{"rendered":"<p>Ciclos de formaci\u00f3n profesional de Inform\u00e1tica, Educaci\u00f3n Secundaria para adultos, y mucho m\u00e1s.  <\/p>\n","protected":false},"author":1,"featured_media":0,"parent":0,"menu_order":0,"comment_status":"closed","ping_status":"closed","template":"","meta":{"footnotes":""},"yoast_head":"<!-- This site is optimized with the Yoast SEO plugin v21.6 - https:\/\/yoast.com\/wordpress\/plugins\/seo\/ -->\n<title>Oferta formativa - CPR Aula Nosa<\/title>\n<meta name=\"robots\" content=\"index, follow, max-snippet:-1, max-image-preview:large, max-video-preview:-1\" \/>\n<link rel=\"canonical\" href=\"https:\/\/aulanosa.es\/index.php\/oferta\/\" \/>\n<meta property=\"og:locale\" content=\"es_ES\" \/>\n<meta property=\"og:type\" content=\"article\" \/>\n<meta property=\"og:title\" content=\"Oferta formativa - CPR Aula Nosa\" \/>\n<meta property=\"og:description\" content=\"Ciclos de formaci\u00f3n profesional de Inform\u00e1tica, Educaci\u00f3n Secundaria para adultos, y mucho m\u00e1s.\" \/>\n<meta property=\"og:url\" content=\"https:\/\/aulanosa.es\/index.php\/oferta\/\" \/>\n<meta property=\"og:site_name\" content=\"CPR Aula Nosa\" \/>\n<meta property=\"article:modified_time\" content=\"2019-06-23T14:21:54+00:00\" \/>\n<meta name=\"twitter:card\" content=\"summary_large_image\" \/>\n<meta name=\"twitter:label1\" content=\"Tiempo de lectura\" \/>\n\t<meta name=\"twitter:data1\" content=\"1 minuto\" \/>\n<script type=\"application\/ld+json\" class=\"yoast-schema-graph\">{\"@context\":\"https:\/\/schema.org\",\"@graph\":[{\"@type\":\"WebPage\",\"@id\":\"https:\/\/aulanosa.es\/index.php\/oferta\/\",\"url\":\"https:\/\/aulanosa.es\/index.php\/oferta\/\",\"name\":\"Oferta formativa - CPR Aula Nosa\",\"isPartOf\":{\"@id\":\"https:\/\/aulanosa.es\/#website\"},\"datePublished\":\"2018-04-24T08:46:53+00:00\",\"dateModified\":\"2019-06-23T14:21:54+00:00\",\"breadcrumb\":{\"@id\":\"https:\/\/aulanosa.es\/index.php\/oferta\/#breadcrumb\"},\"inLanguage\":\"es\",\"potentialAction\":[{\"@type\":\"ReadAction\",\"target\":[\"https:\/\/aulanosa.es\/index.php\/oferta\/\"]}]},{\"@type\":\"BreadcrumbList\",\"@id\":\"https:\/\/aulanosa.es\/index.php\/oferta\/#breadcrumb\",\"itemListElement\":[{\"@type\":\"ListItem\",\"position\":1,\"name\":\"Portada\",\"item\":\"https:\/\/aulanosa.es\/\"},{\"@type\":\"ListItem\",\"position\":2,\"name\":\"Oferta formativa\"}]},{\"@type\":\"WebSite\",\"@id\":\"https:\/\/aulanosa.es\/#website\",\"url\":\"https:\/\/aulanosa.es\/\",\"name\":\"CPR Aula Nosa\",\"description\":\"Centro de estudios privado - concertado\",\"publisher\":{\"@id\":\"https:\/\/aulanosa.es\/#organization\"},\"potentialAction\":[{\"@type\":\"SearchAction\",\"target\":{\"@type\":\"EntryPoint\",\"urlTemplate\":\"https:\/\/aulanosa.es\/?s={search_term_string}\"},\"query-input\":\"required name=search_term_string\"}],\"inLanguage\":\"es\"},{\"@type\":\"Organization\",\"@id\":\"https:\/\/aulanosa.es\/#organization\",\"name\":\"CPR Aula Nosa\",\"url\":\"https:\/\/aulanosa.es\/\",\"logo\":{\"@type\":\"ImageObject\",\"inLanguage\":\"es\",\"@id\":\"https:\/\/aulanosa.es\/#\/schema\/logo\/image\/\",\"url\":\"https:\/\/aulanosa.es\/wp-content\/uploads\/2023\/12\/cropped-LOGOAN4-1.png\",\"contentUrl\":\"https:\/\/aulanosa.es\/wp-content\/uploads\/2023\/12\/cropped-LOGOAN4-1.png\",\"width\":141,\"height\":90,\"caption\":\"CPR Aula Nosa\"},\"image\":{\"@id\":\"https:\/\/aulanosa.es\/#\/schema\/logo\/image\/\"}}]}<\/script>\n<!-- \/ Yoast SEO plugin. -->","yoast_head_json":{"title":"Oferta formativa - CPR Aula Nosa","robots":{"index":"index","follow":"follow","max-snippet":"max-snippet:-1","max-image-preview":"max-image-preview:large","max-video-preview":"max-video-preview:-1"},"canonical":"https:\/\/aulanosa.es\/index.php\/oferta\/","og_locale":"es_ES","og_type":"article","og_title":"Oferta formativa - CPR Aula Nosa","og_description":"Ciclos de formaci\u00f3n profesional de Inform\u00e1tica, Educaci\u00f3n Secundaria para adultos, y mucho m\u00e1s.","og_url":"https:\/\/aulanosa.es\/index.php\/oferta\/","og_site_name":"CPR Aula Nosa","article_modified_time":"2019-06-23T14:21:54+00:00","twitter_card":"summary_large_image","twitter_misc":{"Tiempo de lectura":"1 minuto"},"schema":{"@context":"https:\/\/schema.org","@graph":[{"@type":"WebPage","@id":"https:\/\/aulanosa.es\/index.php\/oferta\/","url":"https:\/\/aulanosa.es\/index.php\/oferta\/","name":"Oferta formativa - CPR Aula Nosa","isPartOf":{"@id":"https:\/\/aulanosa.es\/#website"},"datePublished":"2018-04-24T08:46:53+00:00","dateModified":"2019-06-23T14:21:54+00:00","breadcrumb":{"@id":"https:\/\/aulanosa.es\/index.php\/oferta\/#breadcrumb"},"inLanguage":"es","potentialAction":[{"@type":"ReadAction","target":["https:\/\/aulanosa.es\/index.php\/oferta\/"]}]},{"@type":"BreadcrumbList","@id":"https:\/\/aulanosa.es\/index.php\/oferta\/#breadcrumb","itemListElement":[{"@type":"ListItem","position":1,"name":"Portada","item":"https:\/\/aulanosa.es\/"},{"@type":"ListItem","position":2,"name":"Oferta formativa"}]},{"@type":"WebSite","@id":"https:\/\/aulanosa.es\/#website","url":"https:\/\/aulanosa.es\/","name":"CPR Aula Nosa","description":"Centro de estudios privado - concertado","publisher":{"@id":"https:\/\/aulanosa.es\/#organization"},"potentialAction":[{"@type":"SearchAction","target":{"@type":"EntryPoint","urlTemplate":"https:\/\/aulanosa.es\/?s={search_term_string}"},"query-input":"required name=search_term_string"}],"inLanguage":"es"},{"@type":"Organization","@id":"https:\/\/aulanosa.es\/#organization","name":"CPR Aula Nosa","url":"https:\/\/aulanosa.es\/","logo":{"@type":"ImageObject","inLanguage":"es","@id":"https:\/\/aulanosa.es\/#\/schema\/logo\/image\/","url":"https:\/\/aulanosa.es\/wp-content\/uploads\/2023\/12\/cropped-LOGOAN4-1.png","contentUrl":"https:\/\/aulanosa.es\/wp-content\/uploads\/2023\/12\/cropped-LOGOAN4-1.png","width":141,"height":90,"caption":"CPR Aula Nosa"},"image":{"@id":"https:\/\/aulanosa.es\/#\/schema\/logo\/image\/"}}]}},"_links":{"self":[{"href":"https:\/\/aulanosa.es\/index.php\/wp-json\/wp\/v2\/pages\/58"}],"collection":[{"href":"https:\/\/aulanosa.es\/index.php\/wp-json\/wp\/v2\/pages"}],"about":[{"href":"https:\/\/aulanosa.es\/index.php\/wp-json\/wp\/v2\/types\/page"}],"author":[{"embeddable":true,"href":"https:\/\/aulanosa.es\/index.php\/wp-json\/wp\/v2\/users\/1"}],"replies":[{"embeddable":true,"href":"https:\/\/aulanosa.es\/index.php\/wp-json\/wp\/v2\/comments?post=58"}],"version-history":[{"count":5,"href":"https:\/\/aulanosa.es\/index.php\/wp-json\/wp\/v2\/pages\/58\/revisions"}],"predecessor-version":[{"id":658,"href":"https:\/\/aulanosa.es\/index.php\/wp-json\/wp\/v2\/pages\/58\/revisions\/658"}],"wp:attachment":[{"href":"https:\/\/aulanosa.es\/index.php\/wp-json\/wp\/v2\/media?parent=58"}],"curies":[{"name":"wp","href":"https:\/\/api.w.org\/{rel}","templated":true}]}}