{"id":579,"date":"2019-06-19T15:11:41","date_gmt":"2019-06-19T13:11:41","guid":{"rendered":"http:\/\/aulanosa.es\/?page_id=579"},"modified":"2023-12-10T22:21:32","modified_gmt":"2023-12-10T21:21:32","slug":"insercion-laboral","status":"publish","type":"page","link":"https:\/\/aulanosa.es\/index.php\/insercion-laboral\/","title":{"rendered":"ALTA TASA DE INSERCI\u00d3N LABORAL"},"content":{"rendered":"<hr \/>\n<p>Pr\u00e1cticamente la totalidad de nuestro alumnado de Formaci\u00f3n Profesional consigue un empleo al terminar sus estudios en nuestro centro.<\/p>\n<p>Esto se debe a la buena combinaci\u00f3n de varios factores, entre ellos que tenemos dos de las titulaciones m\u00e1s solicitadas por las empresas en este momento (Desarrollo de Aplicaciones Multiplataforma y Desarrollo de Aplicaciones Web).\u00a0 Adem\u00e1s, el contacto con estas empresas top en el sector, es constante; y por lo tanto podemos ofrecer contenidos actualizados y totalmente aplicables al mundo laboral. Esto nos permite tambi\u00e9n subir el nivel de calidad en el proceso de ense\u00f1anza aprendizaje.<\/p>\n<p>Aprovecha este momento \u00fanico y f\u00f3rmate en nuestro centro para conseguir el empleo que quieres.<\/p>\n","protected":false},"excerpt":{"rendered":"<p>Pr\u00e1cticamente la totalidad de nuestro alumnado consigue un empleo al finalizar su formaci\u00f3n.<\/p>\n","protected":false},"author":1,"featured_media":989,"parent":0,"menu_order":0,"comment_status":"closed","ping_status":"closed","template":"","meta":{"footnotes":""},"yoast_head":"<!-- This site is optimized with the Yoast SEO plugin v21.6 - https:\/\/yoast.com\/wordpress\/plugins\/seo\/ -->\n<title>ALTA TASA DE INSERCI\u00d3N LABORAL - CPR Aula Nosa<\/title>\n<meta name=\"robots\" content=\"index, follow, max-snippet:-1, max-image-preview:large, max-video-preview:-1\" \/>\n<link rel=\"canonical\" href=\"https:\/\/aulanosa.es\/index.php\/insercion-laboral\/\" \/>\n<meta property=\"og:locale\" content=\"es_ES\" \/>\n<meta property=\"og:type\" content=\"article\" \/>\n<meta property=\"og:title\" content=\"ALTA TASA DE INSERCI\u00d3N LABORAL - CPR Aula Nosa\" \/>\n<meta property=\"og:description\" content=\"Pr\u00e1cticamente la totalidad de nuestro alumnado consigue un empleo al finalizar su formaci\u00f3n.\" \/>\n<meta property=\"og:url\" content=\"https:\/\/aulanosa.es\/index.php\/insercion-laboral\/\" \/>\n<meta property=\"og:site_name\" content=\"CPR Aula Nosa\" \/>\n<meta property=\"article:modified_time\" content=\"2023-12-10T21:21:32+00:00\" \/>\n<meta property=\"og:image\" content=\"https:\/\/aulanosa.es\/wp-content\/uploads\/2023\/12\/19.png\" \/>\n\t<meta property=\"og:image:width\" content=\"940\" \/>\n\t<meta property=\"og:image:height\" content=\"788\" \/>\n\t<meta property=\"og:image:type\" content=\"image\/png\" \/>\n<meta name=\"twitter:card\" content=\"summary_large_image\" \/>\n<meta name=\"twitter:label1\" content=\"Tiempo de lectura\" \/>\n\t<meta name=\"twitter:data1\" content=\"1 minuto\" \/>\n<script type=\"application\/ld+json\" class=\"yoast-schema-graph\">{\"@context\":\"https:\/\/schema.org\",\"@graph\":[{\"@type\":\"WebPage\",\"@id\":\"https:\/\/aulanosa.es\/index.php\/insercion-laboral\/\",\"url\":\"https:\/\/aulanosa.es\/index.php\/insercion-laboral\/\",\"name\":\"ALTA TASA DE INSERCI\u00d3N LABORAL - CPR Aula Nosa\",\"isPartOf\":{\"@id\":\"https:\/\/aulanosa.es\/#website\"},\"datePublished\":\"2019-06-19T13:11:41+00:00\",\"dateModified\":\"2023-12-10T21:21:32+00:00\",\"breadcrumb\":{\"@id\":\"https:\/\/aulanosa.es\/index.php\/insercion-laboral\/#breadcrumb\"},\"inLanguage\":\"es\",\"potentialAction\":[{\"@type\":\"ReadAction\",\"target\":[\"https:\/\/aulanosa.es\/index.php\/insercion-laboral\/\"]}]},{\"@type\":\"BreadcrumbList\",\"@id\":\"https:\/\/aulanosa.es\/index.php\/insercion-laboral\/#breadcrumb\",\"itemListElement\":[{\"@type\":\"ListItem\",\"position\":1,\"name\":\"Portada\",\"item\":\"https:\/\/aulanosa.es\/\"},{\"@type\":\"ListItem\",\"position\":2,\"name\":\"ALTA TASA DE INSERCI\u00d3N LABORAL\"}]},{\"@type\":\"WebSite\",\"@id\":\"https:\/\/aulanosa.es\/#website\",\"url\":\"https:\/\/aulanosa.es\/\",\"name\":\"CPR Aula Nosa\",\"description\":\"Centro de estudios privado - concertado\",\"publisher\":{\"@id\":\"https:\/\/aulanosa.es\/#organization\"},\"potentialAction\":[{\"@type\":\"SearchAction\",\"target\":{\"@type\":\"EntryPoint\",\"urlTemplate\":\"https:\/\/aulanosa.es\/?s={search_term_string}\"},\"query-input\":\"required name=search_term_string\"}],\"inLanguage\":\"es\"},{\"@type\":\"Organization\",\"@id\":\"https:\/\/aulanosa.es\/#organization\",\"name\":\"CPR Aula Nosa\",\"url\":\"https:\/\/aulanosa.es\/\",\"logo\":{\"@type\":\"ImageObject\",\"inLanguage\":\"es\",\"@id\":\"https:\/\/aulanosa.es\/#\/schema\/logo\/image\/\",\"url\":\"https:\/\/aulanosa.es\/wp-content\/uploads\/2023\/12\/cropped-LOGOAN4-1.png\",\"contentUrl\":\"https:\/\/aulanosa.es\/wp-content\/uploads\/2023\/12\/cropped-LOGOAN4-1.png\",\"width\":141,\"height\":90,\"caption\":\"CPR Aula Nosa\"},\"image\":{\"@id\":\"https:\/\/aulanosa.es\/#\/schema\/logo\/image\/\"}}]}<\/script>\n<!-- \/ Yoast SEO plugin. -->","yoast_head_json":{"title":"ALTA TASA DE INSERCI\u00d3N LABORAL - CPR Aula Nosa","robots":{"index":"index","follow":"follow","max-snippet":"max-snippet:-1","max-image-preview":"max-image-preview:large","max-video-preview":"max-video-preview:-1"},"canonical":"https:\/\/aulanosa.es\/index.php\/insercion-laboral\/","og_locale":"es_ES","og_type":"article","og_title":"ALTA TASA DE INSERCI\u00d3N LABORAL - CPR Aula Nosa","og_description":"Pr\u00e1cticamente la totalidad de nuestro alumnado consigue un empleo al finalizar su formaci\u00f3n.","og_url":"https:\/\/aulanosa.es\/index.php\/insercion-laboral\/","og_site_name":"CPR Aula Nosa","article_modified_time":"2023-12-10T21:21:32+00:00","og_image":[{"width":940,"height":788,"url":"https:\/\/aulanosa.es\/wp-content\/uploads\/2023\/12\/19.png","type":"image\/png"}],"twitter_card":"summary_large_image","twitter_misc":{"Tiempo de lectura":"1 minuto"},"schema":{"@context":"https:\/\/schema.org","@graph":[{"@type":"WebPage","@id":"https:\/\/aulanosa.es\/index.php\/insercion-laboral\/","url":"https:\/\/aulanosa.es\/index.php\/insercion-laboral\/","name":"ALTA TASA DE INSERCI\u00d3N LABORAL - CPR Aula Nosa","isPartOf":{"@id":"https:\/\/aulanosa.es\/#website"},"datePublished":"2019-06-19T13:11:41+00:00","dateModified":"2023-12-10T21:21:32+00:00","breadcrumb":{"@id":"https:\/\/aulanosa.es\/index.php\/insercion-laboral\/#breadcrumb"},"inLanguage":"es","potentialAction":[{"@type":"ReadAction","target":["https:\/\/aulanosa.es\/index.php\/insercion-laboral\/"]}]},{"@type":"BreadcrumbList","@id":"https:\/\/aulanosa.es\/index.php\/insercion-laboral\/#breadcrumb","itemListElement":[{"@type":"ListItem","position":1,"name":"Portada","item":"https:\/\/aulanosa.es\/"},{"@type":"ListItem","position":2,"name":"ALTA TASA DE INSERCI\u00d3N LABORAL"}]},{"@type":"WebSite","@id":"https:\/\/aulanosa.es\/#website","url":"https:\/\/aulanosa.es\/","name":"CPR Aula Nosa","description":"Centro de estudios privado - concertado","publisher":{"@id":"https:\/\/aulanosa.es\/#organization"},"potentialAction":[{"@type":"SearchAction","target":{"@type":"EntryPoint","urlTemplate":"https:\/\/aulanosa.es\/?s={search_term_string}"},"query-input":"required name=search_term_string"}],"inLanguage":"es"},{"@type":"Organization","@id":"https:\/\/aulanosa.es\/#organization","name":"CPR Aula Nosa","url":"https:\/\/aulanosa.es\/","logo":{"@type":"ImageObject","inLanguage":"es","@id":"https:\/\/aulanosa.es\/#\/schema\/logo\/image\/","url":"https:\/\/aulanosa.es\/wp-content\/uploads\/2023\/12\/cropped-LOGOAN4-1.png","contentUrl":"https:\/\/aulanosa.es\/wp-content\/uploads\/2023\/12\/cropped-LOGOAN4-1.png","width":141,"height":90,"caption":"CPR Aula Nosa"},"image":{"@id":"https:\/\/aulanosa.es\/#\/schema\/logo\/image\/"}}]}},"_links":{"self":[{"href":"https:\/\/aulanosa.es\/index.php\/wp-json\/wp\/v2\/pages\/579"}],"collection":[{"href":"https:\/\/aulanosa.es\/index.php\/wp-json\/wp\/v2\/pages"}],"about":[{"href":"https:\/\/aulanosa.es\/index.php\/wp-json\/wp\/v2\/types\/page"}],"author":[{"embeddable":true,"href":"https:\/\/aulanosa.es\/index.php\/wp-json\/wp\/v2\/users\/1"}],"replies":[{"embeddable":true,"href":"https:\/\/aulanosa.es\/index.php\/wp-json\/wp\/v2\/comments?post=579"}],"version-history":[{"count":6,"href":"https:\/\/aulanosa.es\/index.php\/wp-json\/wp\/v2\/pages\/579\/revisions"}],"predecessor-version":[{"id":641,"href":"https:\/\/aulanosa.es\/index.php\/wp-json\/wp\/v2\/pages\/579\/revisions\/641"}],"wp:featuredmedia":[{"embeddable":true,"href":"https:\/\/aulanosa.es\/index.php\/wp-json\/wp\/v2\/media\/989"}],"wp:attachment":[{"href":"https:\/\/aulanosa.es\/index.php\/wp-json\/wp\/v2\/media?parent=579"}],"curies":[{"name":"wp","href":"https:\/\/api.w.org\/{rel}","templated":true}]}}