{"id":557,"date":"2019-06-19T10:59:52","date_gmt":"2019-06-19T08:59:52","guid":{"rendered":"http:\/\/aulanosa.es\/?page_id=557"},"modified":"2023-12-10T22:20:32","modified_gmt":"2023-12-10T21:20:32","slug":"doble-titulacion","status":"publish","type":"page","link":"https:\/\/aulanosa.es\/index.php\/doble-titulacion\/","title":{"rendered":"Doble titulaci\u00f3n en 3 cursos"},"content":{"rendered":"<hr \/>\n<p>Obt\u00e9n una doble titulaci\u00f3n DAW y DAM en tan solo 3 cursos acad\u00e9micos. <br \/>Convi\u00e9rtete en T\u00e9cnico Superior en Desarrollo de Aplicaciones Multiplataforma y, cursando un a\u00f1o acad\u00e9mico m\u00e1s, de nuevo con su correspondiente formaci\u00f3n en empresa, a\u00f1ade a tu curr\u00edculum el t\u00edtulo de T\u00e9cnico Superior en Desarrollo de Aplicaciones Web. <br \/>Esta es una salida ideal dada la gran tendencia de las empresas a contratar perfiles \u00abFull Stack\u00bb, que dominen todos los \u00e1mbitos de la <br \/>programaci\u00f3n.<\/p>\n<p>\u00a1An\u00edmate y consigue un curr\u00edculum envidiable!<\/p>\n<p>\u00a0<\/p>\n\n\n<p><\/p>\n","protected":false},"excerpt":{"rendered":"<p>Consigue dos t\u00edtulos de T\u00e9cnico Superior en DAM y DAW en tan solo 3 cursos acad\u00e9micos.<\/p>\n","protected":false},"author":1,"featured_media":991,"parent":0,"menu_order":0,"comment_status":"closed","ping_status":"closed","template":"","meta":{"footnotes":""},"yoast_head":"<!-- This site is optimized with the Yoast SEO plugin v21.6 - https:\/\/yoast.com\/wordpress\/plugins\/seo\/ -->\n<title>Doble titulaci\u00f3n en 3 cursos - CPR Aula Nosa<\/title>\n<meta name=\"robots\" content=\"index, follow, max-snippet:-1, max-image-preview:large, max-video-preview:-1\" \/>\n<link rel=\"canonical\" href=\"https:\/\/aulanosa.es\/index.php\/doble-titulacion\/\" \/>\n<meta property=\"og:locale\" content=\"es_ES\" \/>\n<meta property=\"og:type\" content=\"article\" \/>\n<meta property=\"og:title\" content=\"Doble titulaci\u00f3n en 3 cursos - CPR Aula Nosa\" \/>\n<meta property=\"og:description\" content=\"Consigue dos t\u00edtulos de T\u00e9cnico Superior en DAM y DAW en tan solo 3 cursos acad\u00e9micos.\" \/>\n<meta property=\"og:url\" content=\"https:\/\/aulanosa.es\/index.php\/doble-titulacion\/\" \/>\n<meta property=\"og:site_name\" content=\"CPR Aula Nosa\" \/>\n<meta property=\"article:modified_time\" content=\"2023-12-10T21:20:32+00:00\" \/>\n<meta property=\"og:image\" content=\"https:\/\/aulanosa.es\/wp-content\/uploads\/2023\/12\/1.png\" \/>\n\t<meta property=\"og:image:width\" content=\"940\" \/>\n\t<meta property=\"og:image:height\" content=\"788\" \/>\n\t<meta property=\"og:image:type\" content=\"image\/png\" \/>\n<meta name=\"twitter:card\" content=\"summary_large_image\" \/>\n<meta name=\"twitter:label1\" content=\"Tiempo de lectura\" \/>\n\t<meta name=\"twitter:data1\" content=\"1 minuto\" \/>\n<script type=\"application\/ld+json\" class=\"yoast-schema-graph\">{\"@context\":\"https:\/\/schema.org\",\"@graph\":[{\"@type\":\"WebPage\",\"@id\":\"https:\/\/aulanosa.es\/index.php\/doble-titulacion\/\",\"url\":\"https:\/\/aulanosa.es\/index.php\/doble-titulacion\/\",\"name\":\"Doble titulaci\u00f3n en 3 cursos - CPR Aula Nosa\",\"isPartOf\":{\"@id\":\"https:\/\/aulanosa.es\/#website\"},\"datePublished\":\"2019-06-19T08:59:52+00:00\",\"dateModified\":\"2023-12-10T21:20:32+00:00\",\"breadcrumb\":{\"@id\":\"https:\/\/aulanosa.es\/index.php\/doble-titulacion\/#breadcrumb\"},\"inLanguage\":\"es\",\"potentialAction\":[{\"@type\":\"ReadAction\",\"target\":[\"https:\/\/aulanosa.es\/index.php\/doble-titulacion\/\"]}]},{\"@type\":\"BreadcrumbList\",\"@id\":\"https:\/\/aulanosa.es\/index.php\/doble-titulacion\/#breadcrumb\",\"itemListElement\":[{\"@type\":\"ListItem\",\"position\":1,\"name\":\"Portada\",\"item\":\"https:\/\/aulanosa.es\/\"},{\"@type\":\"ListItem\",\"position\":2,\"name\":\"Doble titulaci\u00f3n en 3 cursos\"}]},{\"@type\":\"WebSite\",\"@id\":\"https:\/\/aulanosa.es\/#website\",\"url\":\"https:\/\/aulanosa.es\/\",\"name\":\"CPR Aula Nosa\",\"description\":\"Centro de estudios privado - concertado\",\"publisher\":{\"@id\":\"https:\/\/aulanosa.es\/#organization\"},\"potentialAction\":[{\"@type\":\"SearchAction\",\"target\":{\"@type\":\"EntryPoint\",\"urlTemplate\":\"https:\/\/aulanosa.es\/?s={search_term_string}\"},\"query-input\":\"required name=search_term_string\"}],\"inLanguage\":\"es\"},{\"@type\":\"Organization\",\"@id\":\"https:\/\/aulanosa.es\/#organization\",\"name\":\"CPR Aula Nosa\",\"url\":\"https:\/\/aulanosa.es\/\",\"logo\":{\"@type\":\"ImageObject\",\"inLanguage\":\"es\",\"@id\":\"https:\/\/aulanosa.es\/#\/schema\/logo\/image\/\",\"url\":\"https:\/\/aulanosa.es\/wp-content\/uploads\/2023\/12\/cropped-LOGOAN4-1.png\",\"contentUrl\":\"https:\/\/aulanosa.es\/wp-content\/uploads\/2023\/12\/cropped-LOGOAN4-1.png\",\"width\":141,\"height\":90,\"caption\":\"CPR Aula Nosa\"},\"image\":{\"@id\":\"https:\/\/aulanosa.es\/#\/schema\/logo\/image\/\"}}]}<\/script>\n<!-- \/ Yoast SEO plugin. -->","yoast_head_json":{"title":"Doble titulaci\u00f3n en 3 cursos - CPR Aula Nosa","robots":{"index":"index","follow":"follow","max-snippet":"max-snippet:-1","max-image-preview":"max-image-preview:large","max-video-preview":"max-video-preview:-1"},"canonical":"https:\/\/aulanosa.es\/index.php\/doble-titulacion\/","og_locale":"es_ES","og_type":"article","og_title":"Doble titulaci\u00f3n en 3 cursos - CPR Aula Nosa","og_description":"Consigue dos t\u00edtulos de T\u00e9cnico Superior en DAM y DAW en tan solo 3 cursos acad\u00e9micos.","og_url":"https:\/\/aulanosa.es\/index.php\/doble-titulacion\/","og_site_name":"CPR Aula Nosa","article_modified_time":"2023-12-10T21:20:32+00:00","og_image":[{"width":940,"height":788,"url":"https:\/\/aulanosa.es\/wp-content\/uploads\/2023\/12\/1.png","type":"image\/png"}],"twitter_card":"summary_large_image","twitter_misc":{"Tiempo de lectura":"1 minuto"},"schema":{"@context":"https:\/\/schema.org","@graph":[{"@type":"WebPage","@id":"https:\/\/aulanosa.es\/index.php\/doble-titulacion\/","url":"https:\/\/aulanosa.es\/index.php\/doble-titulacion\/","name":"Doble titulaci\u00f3n en 3 cursos - CPR Aula Nosa","isPartOf":{"@id":"https:\/\/aulanosa.es\/#website"},"datePublished":"2019-06-19T08:59:52+00:00","dateModified":"2023-12-10T21:20:32+00:00","breadcrumb":{"@id":"https:\/\/aulanosa.es\/index.php\/doble-titulacion\/#breadcrumb"},"inLanguage":"es","potentialAction":[{"@type":"ReadAction","target":["https:\/\/aulanosa.es\/index.php\/doble-titulacion\/"]}]},{"@type":"BreadcrumbList","@id":"https:\/\/aulanosa.es\/index.php\/doble-titulacion\/#breadcrumb","itemListElement":[{"@type":"ListItem","position":1,"name":"Portada","item":"https:\/\/aulanosa.es\/"},{"@type":"ListItem","position":2,"name":"Doble titulaci\u00f3n en 3 cursos"}]},{"@type":"WebSite","@id":"https:\/\/aulanosa.es\/#website","url":"https:\/\/aulanosa.es\/","name":"CPR Aula Nosa","description":"Centro de estudios privado - concertado","publisher":{"@id":"https:\/\/aulanosa.es\/#organization"},"potentialAction":[{"@type":"SearchAction","target":{"@type":"EntryPoint","urlTemplate":"https:\/\/aulanosa.es\/?s={search_term_string}"},"query-input":"required name=search_term_string"}],"inLanguage":"es"},{"@type":"Organization","@id":"https:\/\/aulanosa.es\/#organization","name":"CPR Aula Nosa","url":"https:\/\/aulanosa.es\/","logo":{"@type":"ImageObject","inLanguage":"es","@id":"https:\/\/aulanosa.es\/#\/schema\/logo\/image\/","url":"https:\/\/aulanosa.es\/wp-content\/uploads\/2023\/12\/cropped-LOGOAN4-1.png","contentUrl":"https:\/\/aulanosa.es\/wp-content\/uploads\/2023\/12\/cropped-LOGOAN4-1.png","width":141,"height":90,"caption":"CPR Aula Nosa"},"image":{"@id":"https:\/\/aulanosa.es\/#\/schema\/logo\/image\/"}}]}},"_links":{"self":[{"href":"https:\/\/aulanosa.es\/index.php\/wp-json\/wp\/v2\/pages\/557"}],"collection":[{"href":"https:\/\/aulanosa.es\/index.php\/wp-json\/wp\/v2\/pages"}],"about":[{"href":"https:\/\/aulanosa.es\/index.php\/wp-json\/wp\/v2\/types\/page"}],"author":[{"embeddable":true,"href":"https:\/\/aulanosa.es\/index.php\/wp-json\/wp\/v2\/users\/1"}],"replies":[{"embeddable":true,"href":"https:\/\/aulanosa.es\/index.php\/wp-json\/wp\/v2\/comments?post=557"}],"version-history":[{"count":11,"href":"https:\/\/aulanosa.es\/index.php\/wp-json\/wp\/v2\/pages\/557\/revisions"}],"predecessor-version":[{"id":648,"href":"https:\/\/aulanosa.es\/index.php\/wp-json\/wp\/v2\/pages\/557\/revisions\/648"}],"wp:featuredmedia":[{"embeddable":true,"href":"https:\/\/aulanosa.es\/index.php\/wp-json\/wp\/v2\/media\/991"}],"wp:attachment":[{"href":"https:\/\/aulanosa.es\/index.php\/wp-json\/wp\/v2\/media?parent=557"}],"curies":[{"name":"wp","href":"https:\/\/api.w.org\/{rel}","templated":true}]}}